
2415
In base 10, what is -8 + 71?
63
In base 6, what is -3 + -150?
-153
In base 14, what is 43c + 5?
443
In base 14, what is -2 - -a54?
a52
In base 12, what is -7 - 28?
-33
In base 3, what is -1211111 + -2?
-1211120
In base 8, what is 3 + -14?
-11
In base 7, what is 14 + -2?
12
In base 13, what is 18 + 1a?
35
In base 10, what is -285 - -1?
-284
In base 3, what is -222 - -1?
-221
In base 3, what is -122001 + -11?
-122012
In base 4, what is -3331 - 1?
-3332
In base 9, what is -688 - -4?
-684
In base 14, what is -4 - 705?
-709
In base 4, what is 1001 + -133?
202
In base 8, what is -150 + 6?
-142
In base 2, what is -101 - -1001110?
1001001
In base 12, what is 54 - -79?
111
In base 12, what is -9 - -284?
277
In base 2, what is -11 + -100010111?
-100011010
In base 16, what is -5 - -8?
3
In base 9, what is -1 - 666?
-667
In base 5, what is 13423 - -1?
13424
In base 16, what is 2ecd - 3?
2eca
In base 14, what is -1 - -d8?
d7
In base 8, what is 7 + 133?
142
In base 2, what is -1011 - -10101?
1010
In base 9, what is 7678 + 3?
7682
In base 3, what is 10012 + 11?
10100
In base 9, what is -1 - -241?
240
In base 16, what is 1 - -19?
1a
In base 11, what is 733 + -5?
729
In base 2, what is -100110001 + -110?
-100110111
In base 6, what is 1015435 + -2?
1015433
In base 2, what is -10 - 10101010?
-10101100
In base 8, what is -41 + 5?
-34
In base 4, what is 2 - -1020?
1022
In base 16, what is -139 + -3?
-13c
In base 14, what is -a5 + -2?
-a7
In base 15, what is 3 + -75?
-72
In base 11, what is -29 + -1a0?
-219
In base 14, what is 28 - -24?
4c
In base 7, what is 11050 - -3?
11053
In base 14, what is 2 + 2c?
30
In base 13, what is 5 - -17c?
184
In base 8, what is -103 + 50?
-33
In base 3, what is 20 + 11201120?
11201210
In base 8, what is -5403 - -5?
-5376
In base 4, what is 32013 - 11?
32002
In base 14, what is 2 + -631?
-62d
In base 13, what is 103 + 5?
108
In base 10, what is 34 + -197?
-163
In base 2, what is -10 - 1111111?
-10000001
In base 11, what is -4 + 183?
17a
In base 9, what is 53 + 3?
56
In base 8, what is 2 - -2201?
2203
In base 2, what is 10 - 110010?
-110000
In base 12, what is 0 - -149?
149
In base 10, what is -251 + 0?
-251
In base 6, what is -4 - -324?
320
In base 3, what is 110102002 - -11?
110102020
In base 3, what is 121 + 22?
220
In base 2, what is 100100 + -10110?
1110
In base 12, what is 0 + 26?
26
In base 8, what is 614 + 2?
616
In base 16, what is 0 - -7?
7
In base 9, what is -2 + 280?
277
In base 2, what is -10100110 + -1000?
-10101110
In base 5, what is -2112 + -4?
-2121
In base 10, what is -12 + 37?
25
In base 15, what is 36a + 23?
38d
In base 9, what is 651 + 13?
664
In base 9, what is -411 + -3?
-414
In base 7, what is -10 + 105?
65
In base 6, what is -2411 + -2?
-2413
In base 13, what is 2 + -41?
-3c
In base 5, what is 3323 + -4?
3314
In base 4, what is -1002 - -12?
-330
In base 15, what is -33a - -2?
-338
In base 9, what is -576 - -10?
-566
In base 2, what is -1001001000 + -11?
-1001001011
In base 11, what is -352 + 0?
-352
In base 3, what is -1120 - 1121?
-10011
In base 12, what is 0 - -1a0?
1a0
In base 9, what is -36 + -5?
-42
In base 7, what is 332 - 1?
331
In base 15, what is 3 + -1e?
-1b
In base 6, what is -135 + 5?
-130
In base 7, what is 433 + 153?
616
In base 3, what is 2000 + -1?
1222
In base 5, what is 1 + -113?
-112
In base 7, what is -5 - 10456?
-10464
In base 2, what is -10001100 + -10?
-10001110
In base 15, what is 78a + -3?
787
In base 16, what is -c - 6?
-12
In base 2, what is -110000100 - -10?
-110000010
In base 7, what is 6 - 23?
-14
In base 11, what is -6 + -119?
-124
In base 7, what is -2 - 24?
-26
In base 7, what is -6 - 1024?
-1033
In base 9, what is -17 + 5?
-12
In base 11, what is -428 - -1?
-427
In base 13, what is 1659 + 1?
165a
In base 14, what is 16 - 501?
-4c9
In base 10, what is 60 + 6?
66
In base 14, what is c - 3d?
-31
In base 2, what is -1010100101 + -1?
-1010100110
In base 12, what is -11 + -6b?
-80
In base 16, what is 3 + -10?
-d
In base 16, what is 167 - -6?
16d
In base 15, what is -5 + 2e?
29
In base 9, what is 5 + 26?
32
In base 8, what is -6 - -6?
0
In base 11, what is 13 + -39?
-26
In base 2, what is -101 - -10011?
1110
In base 16, what is -5 + -17?
-1c
In base 8, what is -5 - -711?
704
In base 13, what is -6cb - 3?
-701
In base 2, what is 0 - -101?
101
In base 11, what is 291 + -7?
285
In base 11, what is -9 - -103?
a5
In base 10, what is -1 - 27?
-28
In base 12, what is -1 - -4a?
49
In base 8, what is -1 - -26?
25
In base 6, what is -1342 + -4?
-1350
In base 12, what is -b + 150?
141
In base 10, what is -10 - -403?
393
In base 15, what is 1924 + 2?
1926
In base 13, what is 6630 - -4?
6634
In base 4, what is -2233 + 10?
-2223
In base 11, what is -459 - 1?
-45a
In base 16, what is 1e - -2e?
4c
In base 10, what is -4 - 1770?
-1774
In base 12, what is -3 + -137?
-13a
In base 7, what is 32 - -21?
53
In base 6, what is -3550 + -1?
-3551
In base 2, what is -1101111 - 10?
-1110001
In base 7, what is -44 - -300?
223
In base 11, what is -4 + a2?
99
In base 7, what is -2005 - 0?
-2005
In base 7, what is -22 + -260?
-312
In base 15, what is d - 0?
d
In base 4, what is -11 + -3211?
-3222
In base 10, what is -36226 - 0?
-36226
In base 3, what is 200201 - 1?
200200
In base 11, what is 0 - 35?
-35
In base 16, what is -4 - -d?
9
In base 10, what is 41 - -19?
60
In base 3, what is 20 + 1111210?
1112000
In base 12, what is 46 - 2?
44
In base 4, what is -11 - 230120?
-230131
In base 11, what is 4 + -8?
-4
In base 11, what is 79 + 78?
146
In base 14, what is 5 + -1d?
-18
In base 15, what is 10d + -2?
10b
In base 11, what is 3598 - -2?
359a
In base 13, what is -24 - -3b?
17
In base 7, what is 0 - -454?
454
In base 8, what is -134 + 74?
-40
In base 5, what is -140224 - 1?
-140230
In base 5, what is -11 + -244?
-310
In base 15, what is 2 - b71?
-b6e
In base 14, what is 5 - -20?
25
In base 6, what is -34 + 3010?
2532
In base 8, what is 1 + 102?
103
In base 6, what is 113 + -23?
50
In base 14, what is 3c + 0?
3c
In base 14, what is -52 - c?
-60
In base 10, what is -2 + 3216?
3214
In base 6, what is -1040 + 4?
-1032
In base 9, what is -117 - -2?
-115
In base 13, what is -403 + c?
-3c4
In base 11, what is 4 - -41?
45
In base 10, what is -155 - 15?
-170
In base 14, what is 5 + -8?
-3
In base 11, what is -9061 - -1?
-9060
In base 16, what is 136 + -1?
135
In base 5, what is -20314 - 11?
-20330
In base 14, what is -1cd2 + -3?
-1cd5
In base 14, what is 41 + 63?
a4
In base 6, what is -3 + 351?
344
In base 6, what is 2021 - -31?
2052
In base 7, what is -14 - -14?
0
In base 7, what is -5 - 145?
-153
In base 12, what is 23 - 128?
-105
In base 2, what is 10000000000 - 101?
1111111011
In base 10, what is -8 - 73?
-81
In base 13, what is -498 - -5?
-493
In base 12, what is -4 - 12a2?
-12a6
In base 8, what is 4 - -1053?
1057
In base 15, what is 51c + -1?
51b
In base 7, what is -305 + 241?
-34
In base 16, what is 5 - -5e?
63
In base 6, what is -143 + 0?
-143
In base 13, what is 1c - 99?
-7a
In base 13, what is 1860 - -2?
1862
In base 6, what is 2224 - -1?
2225
In base 13, what is 1a - -15a?
177
In base 12, what is -38 - 5?
-41
In base 11, what is 32 + -5?
28
In base 6, what is 11 + -153?
-142
In base 2, what is 1 - 1010001?
-1010000
In base 11, what is 5 - -43?
48
In base 8, what is 175 + -2?
173
In base 14, what is -2 + 136?
134
In base 10, what is -215 - -6?
-209
In base 4, what is -132101 - -11?
-132030
In base 9, what is 7 + 3?
11
In base 8, what is 0 - -345?
345
In base 16, what is -13 + 6c?
59
In base 9, what is -14 - -14?
0
In base 3, what is 1102 + 1?
1110
In base 7, what is -5 + -640?
-645
In base 7, what is -4 + 1553?
1546
In base 11, what is 20 + 172?
192
In base 9, what is -16262 - -5?
-16256
In base 5, what is 0 + -1312?
-1312
In base 8, what is -434 - 5?
-441
In base 9, what is -353 + -47?
-411
In base 11, what is 59 - -a?
68
In base 14, what is 13a + 3?
13d
In base 3, what is -101010 + -12?
-101022
In base 2, what is 101011 - 1111?
11100
In base 13, what is 7 - -11?
18
In base 13, what is 8 + -21?
-16
In base 12, what is 3a8 - 37?
371
In base 6, what is -3534 + 23?
-3511
In base 11, what is 74 + -2?
72
In base 2, what is 10010001000011 - 11?
10010001000000
In base 4, what is 3102 + -10?
3032
In base 8, what is